e
Suppose 5*g - 25 = 0, -2*c = -3*g - 0 + 9. Suppose -c*b = -q - 52 - 268, -3*b = 5*q - 344. Suppose 0 = -6*l - 0*l + b. Does 4 divide l?
False
Let j be 98 + (-5 - -2 - -4). Let y = j - -21. Is y a multiple of 10?
True
Let x(k) = -k**3 + 5*k**2 + 8*k + 6. Let n be x(7). Let a = 113 + n. Is 21 a factor of a?
False
Let x(r) = 1296*r**3 + 3*r**2 - 4*r + 3. Is 11 a factor of x(1)?
True
Let i(y) = -y**3 + 2*y**2 + y - 2. Let h be i(2). Suppose 3*b + 5*v = 70, h*v + 25 = 5*v. Is b a multiple of 15?
True
Let g = -1565 + 2125. Is g a multiple of 35?
True
Suppose -6*m - 704 = -4*o - 11*m, 5*o = -m + 859. Is o a multiple of 10?
False
Let w(b) = -b**3 - 12*b**2 - 14*b. Suppose 9 = 5*g - 1. Let d(u) = -2*u**3 - 13*u**2 - 15*u. Let r(p) = g*d(p) - 3*w(p). Does 5 divide r(11)?
False
Let p(o) = -o**2 + 2. Let j be p(1). Is ((468/42)/((-2)/(-42)))/j a multiple of 13?
True
Suppose 2*d - 4*d + 36 = 0. Suppose -d + 9 = -3*p. Suppose -2*j - 19 = -c + p*j, 4*j - 124 = -5*c. Is c a multiple of 8?
True
Let b(a) = a**2 + 41*a + 162. Does 4 divide b(-40)?
False
Let u be (-2)/(-4) + 22/4. Suppose -5*n = 10, -2*n + 0 = 2*h - 6. Suppose -h*s + 5*m = -125, u*s - s + m - 101 = 0. Is 7 a factor of s?
True
Let m = 24 + -43. Let y(x) = -3*x - 27. Does 6 divide y(m)?
True
Let n(j) = -j + 7. Let z be ((-1)/(-2 + 1))/((-5)/(-15)). Is n(z) a multiple of 3?
False
Suppose -9*w + 4*s - 892 = -13*w, -2*s + 10 = 0. Is w a multiple of 13?
False
Is 6 a factor of ((-396)/(-2))/9 - 4?
True
Suppose 4*r + 12 = 0, 5*i + 41 = -r - r. Let n be 2 + -1 + 14/i. Is n/(-2)*(28 - 2) a multiple of 6?
False
Let y = -8 - -8. Let m be 1 + y + 2 + 3. Suppose m*n = n + 40. Is 2 a factor of n?
True
Let b(u) = 1. Let x(p) = 107*p - 11. Let y(w) = -2*b(w) - x(w). Is 22 a factor of y(-3)?
True
Let w(j) be the first derivative of 1/2*j**2 + 2 + 9*j. Is w(4) a multiple of 2?
False
Suppose 11*g = 6*g - 1900. Let p = 556 + g. Does 22 divide p?
True
Let a be 700/12 + 2/(-6). Suppose -j = w - a, -4*w + j = -w - 182. Suppose -64 = -5*q + 3*n, 4*q + 0*n + 2*n = w. Is 7 a factor of q?
True
Suppose -3*j + 11*x = 16*x - 1669, 3*x = 4*j - 2206. Is 79 a factor of j?
True
Let a(r) be the second derivative of 17*r**3/6 - r**2 - 23*r. Suppose -q - 4*q + 30 = 0. Is 28 a factor of a(q)?
False
Let w(l) = 4*l - 8. Let n be w(5). Let r = -8 + n. Suppose r*g - 101 = -o, -5*g = 4*o - 152 + 34. Is 26 a factor of g?
True
Let t(c) = -c - 1. Let i be t(-3). Suppose -i*v = -4*v + 2. Is ((-14)/(-21))/(v/30) a multiple of 10?
True
Let i be (-48)/8*2/(-6). Suppose 78 = 2*a - i*v, v = -a - 2*v + 55. Does 13 divide a?
False
Let j(l) = l + 1. Let q be j(2). Suppose -2*a = -q*a + 9. Suppose -h + a - 3 = 0. Does 3 divide h?
True
Suppose r - 5*c - 14 = 0, -4*r + 17 = -9*r - 4*c. Let x be (-2 - -7)*(r + 2). Suppose -x*q + 32 = -158. Is q a multiple of 19?
True
Let w = 1996 + -1128. Does 31 divide w?
True
Let r = -290 - -438. Does 15 divide r?
False
Let k = -14 - -11. Let x be 2/(k/54*-3). Suppose 10 = 2*o - x. Does 6 divide o?
False
Let p(i) = 14*i**3 + i + 7*i**2 - 15*i**3 - 2*i**2 - 2. Let d be p(6). Let g = 55 + d. Is 4 a factor of g?
False
Let p(o) = o - 8. Let d be p(-15). Let a = -18 - d. Suppose -t = q - 44, -2*t + 215 = a*q + 2*t. Is q a multiple of 13?
True
Suppose -92*c + 113*c = 33621. Does 15 divide c?
False
Let c(w) = -w**3 - 3*w**2 - 4*w + 15. Is c(-8) a multiple of 15?
False
Suppose -m - 201 + 26 = -3*w, 0 = -3*w - m + 167. Let k(l) = -5*l + 7. Let o be k(7). Let p = o + w. Does 6 divide p?
False
Let m be (90/(-27))/((-2)/(-3)). Let d be 12/m - 12/20. Let g(t) = t**2 + 2*t + 3. Is g(d) a multiple of 2?
True
Suppose 12*p + 1218 = 8154. Is 34 a factor of p?
True
Suppose 16 = 5*c - 3*b, 10 = c + 2*b - 6*b. Suppose 2*n = f + 40, 5*f = -c*n - 4 - 220. Is 22 a factor of f/(-3)*(-42)/(-28)?
True
Let g(b) = -b**3 + 3*b**2 + 5*b + 2. Let v be g(4). Suppose v*q - 627 = -117. Suppose 15 + q = 5*f. Is 4 a factor of f?
True
Suppose -b + a = -3, 5*b + 19 = a + 42. Suppose b*g + 4 = 3*g, 5*g = -d - 8. Suppose 3*l = -d*l + 320. Does 16 divide l?
True
Let i(q) = -3*q**2 + q - 2. Let a be i(4). Let h = -6 - a. Is h a multiple of 8?
True
Let p = 5020 + -2710. Is p a multiple of 15?
True
Suppose -n = -5*k - 422, 14*k = 5*n + 17*k - 2026. Does 11 divide n?
True
Let j be -2 - (-27 + 0/2). Suppose 5*i - 1166 + 11 = 0. Suppose -28*u + i = -j*u. Is u a multiple of 13?
False
Suppose -5*z = 3*k - 24, -3*k = z - 17 + 5. Suppose -k*p = x - 81 + 14, -4*x = -4. Is 9 a factor of p?
False
Is 3 a factor of ((-2)/14)/((-3)/21)*24?
True
Suppose 2*z + 10 = 2*q + z, 2 = -2*q - 2*z. Suppose 3*w = -2*u - q*u + 50, -100 = -3*w + 5*u. Suppose 5*j = 25 + w. Does 10 divide j?
True
Let r = 81 - 56. Suppose 0*w - u - r = 4*w, -3*u = -4*w - 21. Is w/(-4)*40/15 a multiple of 4?
True
Let n be (-7)/(-14) + (-18)/(-4). Suppose n = -4*r + 5*r. Suppose -5*b = p - 95, 123 = r*b + 4*p + 13. Is b a multiple of 15?
False
Let q(v) = 2*v**2 + 2*v. Let z be q(-4). Suppose -4 = 4*t - z. Suppose -t = -k + 8. Does 9 divide k?
False
Does 17 divide 2508/(-152)*(-68)/1?
True
Let o = 6906 - 4780. Does 56 divide o?
False
Let f = 2177 + -822. Is f a multiple of 5?
True
Is (-838)/(-3) - 8/(-12) a multiple of 14?
True
Is (-2675)/(-214)*104/5 a multiple of 20?
True
Let b = 54 + 35. Let f = b - 32. Is 31 a factor of f?
False
Let g(y) = y + 1. Let j(p) = p**2 - 3*p - 7. Let t(d) = -3*g(d) + j(d). Suppose -s - 2*s + 40 = 4*o, 5*o + 4 = 3*s. Is 3 a factor of t(s)?
True
Let m(h) = -4*h**3 + 11*h**2 + 24*h - 1. Is m(-2) a multiple of 3?
True
Let q(p) = 4*p**2 - 80*p - 156. Is 10 a factor of q(27)?
True
Let h(g) = 5*g - 17. Is 2 a factor of h(24)?
False
Let u(r) be the third derivative of -r**6/120 - r**5/6 + r**4/4 - 16*r**3/3 + 16*r**2. Does 2 divide u(-11)?
False
Let n(d) = -26*d**3 - 3*d**2 + 2*d + 4. Let j be n(-2). Suppose 5*q - 7*q + j = 0. Is q a multiple of 14?
True
Suppose 4*q = -2*f + 316, -f = -2*q + 3*f + 168. Does 4 divide q?
True
Suppose -5*z - 5*v = -1775, -15 + 23 = -2*v. Does 8 divide z?
False
Let g(t) = 43*t. Let c be g(4). Suppose c = 5*s + 52. Is s a multiple of 8?
True
Let m = 2507 - 1139. Is 76 a factor of m?
True
Let t be (4 - (-380)/(-4))/1. Let p = -156 - t. Let l = -8 - p. Is 24 a factor of l?
False
Let r = -2 + 2. Let n = r + 0. Suppose 0 = -2*v - n*v + 60. Is v a multiple of 10?
True
Let v(z) = -z**2 + z + 4. Let d be v(0). Suppose 5*f = d*g + 69, -54 = -2*f - 4*g - g. Suppose 5*n = f + 13. Does 5 divide n?
False
Let p(v) = -v**2 - 15*v - 6. Let t = 25 - 39. Is p(t) a multiple of 3?
False
Suppose -7*p = -116 + 18. Is 30 a factor of ((-10)/20)/((-2)/58)*p?
False
Suppose 6*u = 3*u + 72. Suppose 5*w = 89 - u. Is w a multiple of 3?
False
Suppose 0 = -2*a + 700 + 182. Is 9 a factor of a?
True
Let s(j) = -j**2 + 6*j - 3. Let r be (-6)/21 - 60/(-14). Let b be s(r). Suppose b*n + 0*w - 71 = -3*w, -2*w = -4*n + 48. Is 12 a factor of n?
False
Suppose q = -2*j + 948, 1569 + 315 = 4*j - 4*q. Does 15 divide j?
False
Suppose 72 = 39*o - 33*o. Does 4 divide o?
True
Let l(v) = 24*v - 38. Suppose -47 = -4*s + 5*q, q - 2*q = 4*s - 29. Is 11 a factor of l(s)?
True
Let a(s) = s**2 + s - 227. Is a(-25) a multiple of 7?
False
Does 31 divide (-1930)/(-4)*(-160)/(-100) - -3?
True
Suppose 3*n - 3*l - 1710 = -0*n, -4*n = 2*l - 2268. Is 20 a factor of n?
False
Suppose -v - 17 = -3*h + 3*v, v = 5*h. Let l be -1 + h*3/(-1). Suppose -56 = -l*p + 3*u, 0*u + 2*u + 84 = 3*p. Is p a multiple of 8?
False
Let a = -1060 - -1914. Does 14 divide a?
True
Let p(k) = 7*k - k + 6*k - k + 4. Let s = -169 + 174. Does 15 divide p(s)?
False
Let q = -1599 + 2220. Is 23 a factor of q?
True
Suppose -28 = -5*d + 4*d. Let c = d + 0. Does 28 divide c?
True
Let w(h) = 3*h - 7. Let c be w(4). Suppose 0*r + c*r = 30. Suppose -4*i + 5*k = -21, i - k - k - r = 0. Is i a multiple of 4?
True
Let i(t) = 3*t**2 - 87*t + 89. Is 13 a factor of i(36)?
True
Let i(f) = -f**2 - 5*f + 4. Let c be i(-5). Let d be c/(-8) + (-30)/(-4). Suppose x - 19 = -d. Is x a multiple of 6?
True
Let t be (0 + 0/1)/(-22 - -23). Suppose t = 4*m + 8, -l + m = -0*l - 20. Does 18 divide l?
True
Suppose -29*j + 8*j + 28035 = 0. Does 100 divide j?
False
Let p(a) = 476*a - 10. Does 9 divide p(2)?
False
Let z be -5*(-6008)/300 - (-2)/(-15). Let d = z + -63. Does 37 di